3?
20
What is the remainder when 2526 is divided by 108?
42
What is the remainder when 1982 is divided by 221?
214
What is the remainder when 73 is divided by 49?
24
What is the remainder when 2008 is divided by 13?
6
What is the remainder when 428 is divided by 27?
23
Calculate the remainder when 125 is divided by 62.
1
What is the remainder when 4258 is divided by 48?
34
What is the remainder when 58 is divided by 17?
7
What is the remainder when 725 is divided by 6?
5
Calculate the remainder when 192 is divided by 23.
8
What is the remainder when 895 is divided by 74?
7
What is the remainder when 396 is divided by 132?
0
What is the remainder when 173 is divided by 11?
8
Calculate the remainder when 547 is divided by 25.
22
What is the remainder when 2417 is divided by 25?
17
Calculate the remainder when 117 is divided by 29.
1
What is the remainder when 408 is divided by 57?
9
Calculate the remainder when 735 is divided by 23.
22
Calculate the remainder when 460 is divided by 44.
20
What is the remainder when 297 is divided by 287?
10
Calculate the remainder when 1548 is divided by 193.
4
Calculate the remainder when 145 is divided by 38.
31
What is the remainder when 2915 is divided by 25?
15
What is the remainder when 468 is divided by 94?
92
Calculate the remainder when 2493 is divided by 101.
69
What is the remainder when 355 is divided by 45?
40
What is the remainder when 1474 is divided by 36?
34
What is the remainder when 1374 is divided by 60?
54
What is the remainder when 931 is divided by 117?
112
Calculate the remainder when 368 is divided by 74.
72
Calculate the remainder when 209 is divided by 42.
41
Calculate the remainder when 149 is divided by 11.
6
Calculate the remainder when 196 is divided by 34.
26
What is the remainder when 283 is divided by 60?
43
Calculate the remainder when 779 is divided by 316.
147
Calculate the remainder when 379 is divided by 97.
88
Calculate the remainder when 875 is divided by 98.
91
Calculate the remainder when 584 is divided by 15.
14
What is the remainder when 419 is divided by 65?
29
Calculate the remainder when 692 is divided by 29.
25
Calculate the remainder when 567 is divided by 36.
27
Calculate the remainder when 26 is divided by 18.
8
What is the remainder when 136 is divided by 69?
67
What is the remainder when 128 is divided by 32?
0
What is the remainder when 93 is divided by 59?
34
What is the remainder when 238 is divided by 82?
74
What is the remainder when 5822 is divided by 32?
30
Calculate the remainder when 284 is divided by 10.
4
What is the remainder when 181 is divided by 14?
13
Calculate the remainder when 280 is divided by 95.
90
Calculate the remainder when 94 is divided by 26.
16
Calculate the remainder when 306 is divided by 67.
38
What is the remainder when 5044 is divided by 27?
22
What is the remainder when 313 is divided by 8?
1
What is the remainder when 91 is divided by 21?
7
What is the remainder when 797 is divided by 10?
7
Calculate the remainder when 25978 is divided by 60.
58
Calculate the remainder when 895 is divided by 215.
35
Calculate the remainder when 1013 is divided by 35.
33
What is the remainder when 537 is divided by 178?
3
Calculate the remainder when 267 is divided by 54.
51
What is the remainder when 565 is divided by 38?
33
Calculate the remainder when 404 is divided by 131.
11
What is the remainder when 334 is divided by 13?
9
What is the remainder when 11 is divided by 3?
2
What is the remainder when 417 is divided by 109?
90
What is the remainder when 383 is divided by 35?
33
What is the remainder when 2903 is divided by 52?
43
What is the remainder when 171 is divided by 23?
10
What is the remainder when 708 is divided by 71?
69
Calculate the remainder when 215 is divided by 39.
20
What is the remainder when 1086 is divided by 9?
6
What is the remainder when 1072 is divided by 21?
1
Calculate the remainder when 19 is divided by 13.
6
Calculate the remainder when 16 is divided by 9.
7
What is the remainder when 56 is divided by 4?
0
Calculate the remainder when 4531 is divided by 1499.
34
Calculate the remainder when 192 is divided by 29.
18
What is the remainder when 331 is divided by 9?
7
What is the remainder when 211 is divided by 93?
25
What is the remainder when 3688 is divided by 142?
138
What is the remainder when 279 is divided by 15?
9
Calculate the remainder when 97 is divided by 29.
10
Calculate the remainder when 1580 is divided by 51.
50
Calculate the remainder when 110 is divided by 28.
26
Calculate the remainder when 144 is divided by 5.
4
What is the remainder when 166 is divided by 42?
40
Calculate the remainder when 407 is divided by 14.
1
Calculate the remainder when 791 is divided by 72.
71
Calculate the remainder when 1547 is divided by 155.
152
What is the remainder when 125 is divided by 17?
6
Calculate the remainder when 239 is divided by 15.
14
What is the remainder when 519 is divided by 15?
9
What is the remainder when 260 is divided by 15?
5
Calculate the remainder when 506 is divided by 164.
14
What is the remainder when 510 is divided by 7?
6
What is the remainder when 221 is divided by 77?
67
Calculate the remainder when 4491 is divided by 15.
6
What is the remainder when 483 is divided by 9?
6
Calculate the remainder when 4180 is divided by 835.
5
Calculate the remainder when 25565 is divided by 8.
5
What is the remainder when 123 is divided by 62?
61
What is the remainder when 114 is divided by 54?
6
Calculate the remainder when 170 is divided by 48.
26
Calculate the remainder when 524 is divided by 109.
88
Calculate the remainder when 619 is divided by 194.
37
What is the remainder when 133 is divided by 68?
65
What is the remainder when 142 is divided by 34?
6
Calculate the remainder when 317 is divided by 36.
29
What is the remainder when 365 is divided by 90?
5
What is the remainder when 19724 is divided by 75?
74
Calculate the remainder when 3406 is divided by 142.
140
What is the remainder when 842 is divided by 169?
166
What is the remainder when 46 is divided by 16?
14
Calculate the remainder when 954 is divided by 188.
14
Calculate the remainder when 218 is divided by 14.
8
Calculate the remainder when 801 is divided by 12.
9
Calculate the remainder when 485 is divided by 51.
26
What is the remainder when 800 is divided by 718?
82
Calculate the remainder when 1142 is divided by 13.
11
What is the remainder when 3795 is divided by 26?
25
What is the remainder when 44 is divided by 26?
18
What is the remainder when 158 is divided by 67?
24
What is the remainder when 19 is divided by 7?
5
Calculate the remainder when 34663 is divided by 14.
13
What is the remainder when 993 is divided by 248?
1
Calculate the remainder when 2476 is divided by 39.
19
Calculate the remainder when 277 is divided by 47.
42
What is the remainder when 375 is divided by 9?
6
What is the remainder when 2255 is divided by 133?
127
What is the remainder when 422 is divided by 85?
82
Calculate the remainder when 231 is divided by 20.
11
What is the remainder when 58 is divided by 30?
28
What is the remainder when 312 is divided by 15?
12
Calculate the remainder when 195 is divided by 63.
6
What is the remainder when 278 is divided by 70?
68
Calculate the remainder when 333 is divided by 26.
21
What is the remainder when 21410 is divided by 7132?
14
Calculate the remainder when 1089 is divided by 91.
88
What is the remainder when 39 is divided by 30?
9
Calculate the remainder when 391 is divided by 16.
7
Calculate the remainder when 207 is divided by 38.
17
Calculate the remainder when 4047 is divided by 169.
160
Calculate the remainder when 402 is divided by 13.
12
Calculate the remainder when 16314 is divided by 111.
108
Calculate the remainder when 1063 is divided by 50.
13
Calculate the remainder when 82 is divided by 22.
16
Calculate the remainder when 540 is divided by 92.
80
What is the remainder when 835 is divided by 23?
7
Calculate the remainder when 217 is divided by 60.
37
Calculate the remainder when 1231 is divided by 261.
187
What is the remainder when 604 is divided by 149?
8
What is the remainder when 2828 is divided by 24?
20
What is the remainder when 6 is divided by 5?
1
Calculate the remainder when 359